 s(w) = -23664*w - 23679. Give s(-1).
-15
Let o(s) = 16*s**2 + 144*s - 22. What is o(0)?
-22
Let h(n) = -185*n - 1123. Determine h(-6).
-13
Let p(v) = -16*v**2 + 1144*v + 5743. Determine p(-5).
-377
Let q(k) = -k**3 - 103*k**2 - 2011*k + 24459. Give q(-43).
-8
Let x(d) = 3*d**2 + 102*d - 713. What is x(-40)?
7
Let l(x) = -610*x + 137772. Give l(226).
-88
Let o(s) = s**3 - 4*s**2 + 38*s - 984. Determine o(11).
281
Let k(v) = -14*v**2 - 476*v - 2765. Determine k(-22).
931
Let u(t) = -3*t**2 - 441*t - 111. Calculate u(0).
-111
Let g(y) = -3*y**2 - 1159*y + 72833. What is g(55)?
13
Let u(r) = -r**2 + 63060*r + 3597667. What is u(-57)?
-2
Let x(y) = -y**2 + 199*y - 5481. Calculate x(40).
879
Let f(t) = -2*t**3 + 110*t**2 + 1282*t - 186. Give f(-10).
-6
Let b(g) = -374*g**2 + 1284*g - 454. Calculate b(3).
32
Let f(u) = 5*u**2 + 10*u + 12. Determine f(-3).
27
Let m(n) = -225*n**2 + 1694*n + 6. Determine m(9).
-2973
Let z(o) = 37471*o + 1274033. What is z(-34)?
19
Let f(h) = -17286*h - 138488. Calculate f(-8).
-200
Let v(s) = -62*s**2 - 284*s - 123. Determine v(-4).
21
Let l(d) = -12*d**2 + 6*d + 5928. Determine l(-22).
-12
Let l(n) = n**2 - 85*n + 1375. Give l(26).
-159
Let b(c) = 2421*c + 70221. Calculate b(-29).
12
Let b(y) = -22*y**3 + 3343*y**2 + 119*y + 5010. Give b(152).
-6
Let v(c) = 2*c**2 + 164*c + 3140. Give v(-54).
116
Let h(v) = 1039*v + 71719. Determine h(-69).
28
Let m(j) = -2*j**3 + 11*j**2 + 21695*j - 130182. Determine m(6).
-48
Let c(p) = -27177*p - 54349. What is c(-2)?
5
Let f(l) = -15*l**3 - 17*l**2 + 769*l + 785. Calculate f(-1).
14
Let w(r) = -r**3 - 15*r**2 + 106*r + 192. Give w(-20).
72
Let a(t) = t**2 - 1029*t - 293989. Give a(-233).
57
Let b(a) = -a**3 - 173*a**2 + 867*a - 468. What is b(-178)?
3626
Let l(p) = p**3 + 35*p**2 + 311*p + 546. What is l(-22)?
-4
Let g(p) = -31*p**2 + 4907*p + 4911. What is g(-1)?
-27
Let c(j) = j**2 + 6856*j + 1689607. Give c(-256).
7
Let t(u) = 2*u**3 - 184*u**2 + 1921*u - 140484. Calculate t(90).
6
Let o(q) = -36*q**2 + 40*q + 59. Determine o(-1).
-17
Let n(b) = b**3 + 30*b**2 - 342*b - 10775. What is n(-29)?
-16
Let u(p) = 878711*p - 41299407. Calculate u(47).
10
Let d(p) = -2*p**3 - 62*p**2 - 422*p - 2154. Give d(-24).
-90
Let m(y) = 257925*y - 2321325. Determine m(9).
0
Let u(a) = 18*a**3 - 344*a**2 - 17*a + 852. Calculate u(19).
-193
Let n(t) = 1305*t + 307989. What is n(-236)?
9
Let g(m) = 158*m - 4300. Calculate g(28).
124
Let l(s) = 8*s**2 + 304*s + 208. What is l(-37)?
-88
Let m(n) = -3*n**2 - 2532*n + 33396. Give m(13).
-27
Let r(s) = -3*s**3 - 23*s**2 - 488*s - 4664. Determine r(-9).
52
Let d(z) = -10*z**2 + 52*z + 6103. Give d(-22).
119
Let d(v) = 6*v**2 + 53*v - 3192. Determine d(-28).
28
Let v(n) = -2*n**3 + 23*n**2 - 378*n + 4521. Calculate v(12).
-159
Let o(i) = -4*i**2 - 1802*i - 160718. Calculate o(-328).
2
Let k(s) = -s**3 - 20*s**2 - 139*s - 746. Determine k(-12).
-230
Let x(b) = b**3 - 35*b**2 + 488*b - 13930. What is x(33)?
-4
Let o(h) = -3230*h + 435997. What is o(135)?
-53
Let q(r) = 142*r**3 - 4*r**2 + 2*r + 3. What is q(1)?
143
Let v(n) = -264*n**3 + 186*n**2 + 376*n + 9. Give v(-2).
2113
Let n(j) = -4*j**3 + 545*j**2 - 158*j + 2957. Determine n(136).
-35
Let m(n) = -255*n**3 - 15*n**2 - 56*n - 40. Determine m(-1).
256
Let y(x) = 2*x**2 - 210*x - 21753. Calculate y(-66).
819
Let f(p) = -p**3 + 14809*p**2 - 236695*p + 56. What is f(16)?
-56
Let a(o) = 1990*o - 418301. Calculate a(210).
-401
Let r(u) = 2*u**2 + 1002*u - 8. What is r(0)?
-8
Let h(r) = 751*r**2 + 8*r - 7. Calculate h(1).
752
Let c(j) = j**3 - 58*j**2 + 722*j - 350. Determine c(17).
75
Let p(z) = 32*z**2 + 396*z - 5228. What is p(13)?
5328
Let u(w) = -50*w**2 - 5551*w - 214. Determine u(-111).
-103
Let t(f) = 9*f**2 - 158*f - 5. Give t(5).
-570
Let k(p) = -51*p**2 + 1204*p - 69. What is k(23)?
644
Let y(p) = 19092*p - 18253. Give y(1).
839
Let u(x) = 80536*x + 162107. Determine u(-2).
1035
Let p(u) = 2*u**2 + 72*u - 2690. What is p(23)?
24
Let j(w) = -w**3 + 444*w**2 - 2690*w + 217. Calculate j(6).
-155
Let d(z) = -z**3 + z**2 + 212*z - 2061. What is d(13)?
-1333
Let l(k) = 11*k**2 - 49*k - 34. What is l(14)?
1436
Let j(n) = n**3 + 30*n**2 - 13*n - 1243. What is j(-24)?
2525
Let j(o) = 69245*o + 276817. Calculate j(-4).
-163
Let z(i) = i**3 - 28*i**2 - 7619*i - 30197. Determine z(-72).
-29
Let r(y) = 1298*y - 58618. Calculate r(46).
1090
Let x(z) = -27*z**3 + 51*z**2 + 11*z - 24. Determine x(2).
-14
Let w(t) = -16*t**2 - 770*t - 1731. Give w(-45).
519
Let f(p) = 200*p - 56272. Give f(278).
-672
Let s(n) = 2*n**3 + 96*n**2 - 102*n - 405. Determine s(-49).
-209
Let y(b) = 5471*b - 499. Determine y(0).
-499
Let w(r) = -675*r - 993. Determine w(-3).
1032
Let d(x) = x**2 - 18451*x + 571012. Determine d(31).
-8
Let p(c) = -c**3 + 6*c**2 - 1562*c + 7809. Determine p(5).
24
Let o(c) = -34124*c - 204732. Calculate o(-6).
12
Let b(x) = 856*x + 57904. Give b(-68).
-304
Let f(z) = z**3 + 114*z**2 - 3155*z - 551. Give f(-137).
-3
Let z(w) = 16*w**2 - 1161*w + 17601. Calculate z(51).
6
Let k(u) = u**3 - 13*u**2 + 59*u + 12. What is k(10)?
302
Let b(r) = -r**2 - 12462*r - 22576415. Determine b(-2200).
-15
Let d(g) = -13*g**2 - 254*g + 6726. Calculate d(15).
-9
Let u(q) = -2189*q - 103126. What is u(-47)?
-243
Let k(x) = -56*x**2 - 228*x + 23. Give k(-7).
-1125
Let c(i) = 23685*i - 355270. What is c(15)?
5
Let a(o) = -33*o**2 - 1025*o - 7011. Determine a(-21).
-39
Let z(c) = 3760*c + 349654. Calculate z(-93).
-26
Let x(t) = -1020*t + 5858. Give x(5).
758
Let f(s) = -12769*s - 919371. Give f(-72).
-3
Let t(c) = 6*c**2 - 536*c - 833. Determine t(91).
77
Let j(p) = -12*p**2 - 286*p - 497. Give j(-22).
-13
Let a(t) = -3*t**2 - 602*t - 5748. What is a(-190)?
332
Let t(r) = 63450*r + 7804361. Calculate t(-123).
11
Let w(q) = q**3 + 102*q**2 + 2440*q + 512. Calculate w(-64).
0
Let c(y) = 8808*y - 819254. Give c(93).
-110
Let q(y) = y**3 - 693*y**2 + 3812*y + 1833. Calculate q(6).
-27
Let f(t) = 42*t - 4057. Calculate f(101).
185
Let k(s) = 1331*s + 44062. Determine k(-33).
139
Let n(v) = -v**3 - 89*v**2 - 737*v - 13351. Determine n(-82).
15
Let v(t) = 20*t**2 + 198*t + 218. What is v(-9)?
56
Let z(l) = 3397*l - 2923. Give z(1).
474
Let g(b) = 127192*b - 508769. Give g(4).
-1
Let b(s) = -5*s**2 - 23*s + 154. What is b(5)?
-86
Let s(l) = l**3 - 23*l**2 + 121*l - 24. Give s(14).
-94
Let t(q) = -q**3 + 153*q**2 - 5385*q - 270. Give t(55).
5
Let j(h) = -245*h - 34272. What is j(-140)?
28
Let b(n) = 1761*n + 38784. Determine b(-22).
42
Let g(j) = 92*j**2 - 3133*j + 16. Determine g(34).
-154
Let d(c) = -785*c + 8675. Calculate d(11).
40
Let d(r) = -8*r**2 - 651*r - 2601. Calculate d(-4).
-125
Let f(q) = 2*q**3 + 57*q**2 - 95*q - 1935. Determine f(-29).
-21
Let k(w) = 54081*w - 108298. Determine k(2).
-136
Let r(b) = -2*b**3 - 196*b**2 - 3507*b - 1314. Determine r(-23).
-3
Let l(h) = h**2 - 350*h + 24845. Calculate l(251).
-4
Let r(u) = 37*u**2 + 3020*u - 10576. What is r(-85)?
49
Let z(i) = 87941*i - 439514. Give z(5).
191
Let c(q) = -21112*q + 147826. Calculate c(7).
42
Let w(t) = -t**2 - 3557*t + 700151. Calculate w(187).
23
Let p(a) = 876*a + 11018. Calculate p(-12).
506
Let v(f) = -f**3 + 157*f**2 + 171*f - 2044. Determine v(158).
10
Let g(i) = -12081*i + 169150. Calculate g(14).
16
Let j(a) = a**3 + 3*a**2 + 1717*a + 12249. What is j(-7)?
34
Let a(d) = -2*d**3 - 678*d**2 - 38832*d + 1007. Give a(-266).
-57
Let u(h) = -29*h**2 + 536*h + 291. Determine u(19).
6
Let l(a) = 106116*a + 33002058. Give l(-311).
-18
Let x(j) = -3*j**2 - 530*j - 14295. What is x(-144)?
-183
Let w(v) = -14*v**2 - 2*v + 33524. Calculate w(-49).
8
Let q(u) = -13*u**2 - 1282*u + 4308. Determine q(-102).
-180
Let y(s) = -1605*s + 11225. Calculate y(7).
-10
Let r(h) = 172018*h + 515897. Determine r(-3).
-157
Let k(m) = -357484*m - 38250781. Calculate k(-107).
7
Let j(l) = -163762*l + 1310065. Determine j(8).
-31
Let w(p) = p**2 - 72*p - 18313. What is w(-104)?
-9
Let j(a) = -1630*a + 23. Determine j(1).
-1607
Let z(r) = -r**3 - 72*r**2 + 234*r + 681. Calculate z(-75).
6
Let h(u) = 346*u**2 - 686*u + 9. Give h(2).
21
Let t(u) = -60*u**3 - 1200*u**2 - 99*u - 1978. Determine t(-20).
2
Let v(p) = p**3 + 9*p**2 - 949*p - 8572. Give v(-9).
-31
Let z(b) = -998*b**2